he greatest common factor of 32 and r.
16
Let x = -6561 - -6613. Calculate the greatest common divisor of x and 5941.
13
Suppose -7828*t = -7822*t - 3996. Calculate the greatest common divisor of 174 and t.
6
Let f = 232 + -230. Suppose -26 = -2*z - 3*o + 74, 0 = 2*z - f*o - 80. What is the highest common factor of z and 528?
44
Suppose 1020*i - 1015*i = 5*m - 275, -4*m + 236 = -2*i. What is the highest common divisor of 238 and m?
7
Suppose 8*m = 7*m - 3*y + 5, 2*m + 3*y - 13 = 0. Suppose 0 = p + 5, 4*p - 741 = -4*h + 5*p. What is the highest common factor of h and m?
8
Let m(n) = -109*n**2 - 1198*n + 15. Let j be m(-11). Calculate the highest common divisor of 2724 and j.
4
Suppose 27*j + 3*j = 2040. What is the greatest common divisor of 48 and j?
4
Let f(a) = -10*a**2 - 162*a + 17. Let q be f(-6). Let o = 51 - 0. What is the highest common factor of o and q?
17
Suppose -h = -5*c + 10, 5*h = c + 13 + 9. Suppose -c*k = 67 - 10. Let z be (k/3)/((-1)/6). Calculate the highest common divisor of 19 and z.
19
Let a = -100 - -107. Let v be (5 - (a - 3)) + 41. What is the greatest common factor of v and 294?
42
Suppose -4*w - 2 = x + 3, -11 = -3*x + w. Suppose x*u - 27 = s, -4*u + 7 = s - 22. Calculate the highest common factor of u and 6.
2
Let b be 3*710/6*1. Suppose -21*t = -16*t - b. Suppose -2*r + 199 = -t. What is the greatest common divisor of r and 27?
27
Let b = 51928 - 30780. What is the highest common factor of 68 and b?
68
Let l = -4094 - -6028. Let w be -4 + l/3 + 20/(-30). Suppose n - 9*n + w = 0. What is the greatest common factor of n and 16?
16
Let t(k) = 22*k + 19. Let p be t(13). Suppose -p = -5*c + 2*x, 0*c = -5*c - 3*x + 330. Let s = c - 33. What is the greatest common divisor of 45 and s?
15
Let b be 47/(7238/(-28)) + 1322/11. Calculate the greatest common divisor of b and 492.
12
Suppose 5*l = 4*i + 811 - 139, 2*i = 3*l - 402. Let g = 112 - l. Let z be (1 + -7)/(3/g). Calculate the greatest common factor of 24 and z.
8
Let v(o) = -231*o - 444. Let g be v(-2). Calculate the highest common divisor of 192 and g.
6
Suppose -10 - 32 = -2*h. Suppose 5*w = -18779 + 18854. Calculate the highest common divisor of h and w.
3
Suppose -n + 437 = 434. Suppose -34 = n*w - 5*v - 67, 3*w - 54 = -2*v. Calculate the highest common divisor of 40 and w.
8
Suppose 0 = -3062*f + 3071*f - 612. What is the highest common factor of 1054 and f?
34
Let t(f) = f**3 + 5*f**2 + 7*f + 9. Let y be t(-5). Let c be (-33 - y) + 1*43. Calculate the greatest common divisor of c and 276.
12
Let d be 130 - (3 + 12 + -13). Calculate the greatest common factor of d and 2944.
128
Suppose -3*a = 8*t - 4*t - 220, a - 70 = -2*t. Suppose -195*y = 59*y - 7861 - 7379. Calculate the highest common divisor of a and y.
20
Let v = -7318 + 7906. What is the highest common factor of 156 and v?
12
Suppose -2*u + 6*u = 12. Let k be (-1)/(-2) + ((-666)/4)/u. Let q = -43 - k. What is the greatest common factor of 12 and q?
12
Let h = 243 + -277. Let r be 1 + 10 + 170/h. What is the highest common factor of r and 162?
6
Suppose -q + 5*q - o - 4606 = 0, o + 6 = 0. Calculate the highest common factor of q and 115.
115
Let c(t) = 6*t**2 + 414*t + 128. Let n be c(-69). Suppose 2*y = a - 822, 5 = 9*y - 8*y. Calculate the highest common divisor of a and n.
64
Suppose -3*o + 104*o - 250976 = 9*o. What is the greatest common factor of 11 and o?
11
Suppose -42*a - 144 = -24*a. Let k be ((-66)/a)/((-2)/(-96)). Calculate the highest common factor of 36 and k.
36
Let z be (25817/55 - 29)/(2/120). Calculate the greatest common divisor of z and 72.
72
Suppose -r + 2*g + 0*g + 18 = 0, 2*r = g + 33. Let u be 6/27 - (-5 - (-76)/18). Calculate the highest common factor of r and u.
1
Let w = 10854 - 10699. Calculate the highest common divisor of w and 1395.
155
Let f be (-10)/(-1) + 0 + 2. Suppose -159*t + 1896 = 43*t - 44*t. Calculate the greatest common factor of t and f.
12
Let v(j) = 2*j**3 - 2*j. Let a be v(2). Suppose -8*z - 2372 + 6500 = 0. What is the highest common divisor of z and a?
12
Let f be (-2)/6 + 50/6. Let b(d) = 3664*d + 104. Let j be b(0). Calculate the highest common divisor of j and f.
8
Let j be 1932/(-70) + (-8)/20. Let x be -3*j/21 + 297. What is the greatest common factor of 43 and x?
43
Let z = 202 - 199. Suppose 5*u - 5*v = 110, -v - 68 = -z*u + 3*v. Calculate the greatest common factor of 20 and u.
20
Let p be (-32)/(42 + -26)*(-6254)/2. Calculate the highest common divisor of p and 354.
118
Let t be (672/(-98) + 12)*(23 + -2). Calculate the greatest common factor of 13716 and t.
108
Let j be (-1)/4 - 12913/(-148). Suppose 0 = 5*x - 4*o - 50, -34 + j = 2*x + 5*o. Calculate the greatest common factor of x and 602.
14
Let y be (-5 - -3) + 4 - -3. Let s(j) = -y*j**3 + j**3 + 0*j**3 + 1. Let f be s(-1). What is the highest common divisor of f and 45?
5
Let k = -2350 + 2356. Calculate the greatest common factor of k and 66.
6
Let t = -28 + 31. Suppose -k + t*k + 20 = 0. Let f be 1940/22 + k/55. What is the greatest common factor of f and 11?
11
Suppose -131*b = 622487 - 2907258. What is the highest common factor of b and 326?
163
Let l be 494/14 + 2/(-7). Let z(h) = h**3 - 29*h**2 - 51*h - 334. Let o be z(31). Calculate the greatest common factor of o and l.
7
Let s = 270 - 221. Suppose -2*x - 63 + 105 = 0. What is the greatest common divisor of x and s?
7
Suppose 18816 = -563*r + 675*r. Calculate the highest common factor of 25032 and r.
168
Suppose -2*v + 231 - 201 = 0. Let n = 23 - -138. Suppose -2*f + f - n = -4*i, -3*f = -5*i + 203. What is the highest common divisor of i and v?
5
Suppose 2*c - 5*t - 560 = -34, 0 = -4*c + t + 1034. Let j be (-1)/2 - 0 - c/(-4). What is the greatest common divisor of 16 and j?
16
Let q(d) = d**3 - 12*d**2 - 446*d - 44. Let u be q(28). Calculate the highest common divisor of u and 44364.
12
Let b = 7735 + -7731. What is the highest common factor of 93 and b?
1
Suppose -73 = -3*d - 18*p + 14*p, 0 = -5*d - p + 133. Calculate the highest common divisor of 1431 and d.
27
Let p be 2 - (256 - (-3 - 2)). Let s = -216 - p. What is the highest common factor of s and 387?
43
Let o(r) = r**3 + 17*r**2 - 14*r + 68. Let l be o(-18). Let h = l - -157. Let n = 51 - 34. What is the greatest common factor of n and h?
17
Let b be 456/(-30) + (-9)/(-45). Let i be (50/b)/((-16)/312). Calculate the highest common factor of i and 585.
65
Suppose 3*g + 295 = -317. Let w be 4056/g + 2/(-17). Let m be 5/(w/(-164)) - -1. What is the highest common factor of 6 and m?
6
Suppose 3*b - 114 = -2*j + 3*j, 3*j + 194 = 5*b. Let s(v) = 5*v**2 + 4*v + 7. Let x be s(-3). Let f = x - b. Calculate the highest common factor of 2 and f.
1
Suppose y - 61 - 33 = 5*s, s = -y - 14. Let g be 9 - 9 - (s/(-3))/(-3). Suppose 0 = -k + 3*k - 2. Calculate the highest common divisor of k and g.
1
Let h(z) = -2*z + 9. Let s be h(-4). Let d(c) = -4*c**3 - 6*c**2 - c - 15. Let i be d(-5). What is the highest common divisor of i and s?
17
Suppose -23 = l - 8. Let v be (l + 17)/((-8)/(-36)). What is the greatest common divisor of 9 and v?
9
Let h be 1125/585 - ((-80)/26 + 3). Calculate the greatest common factor of 458 and h.
2
Let k(a) = a**3 - 13*a**2 + 40*a - 15. Let p be k(9). Let r = 75 - 68. Calculate the greatest common factor of r and p.
7
Let q = 190 - 95. Let s = q - 86. What is the greatest common divisor of 6 and s?
3
Let o be (-330)/(-21)*(-112)/32*-1. Calculate the highest common factor of 14905 and o.
55
Suppose 4*k + 59 = 467. Let z = 23912 + -23861. What is the highest common factor of z and k?
51
Let d = -10 + 4. Let y be 4/d*(-18)/2. Let r(m) = 9406*m + 37633. Let l be r(-4). What is the greatest common divisor of l and y?
3
Let l = -37 + 48. Let d = l + -6. Suppose 4*w = -d*t + 35, -5*t + 0*t + 5 = w. Calculate the greatest common divisor of 90 and w.
10
Let g = -116 + 119. Let c = 26 + g. What is the greatest common divisor of c and 377?
29
Let b be -72*(-40)/270*(-1 + 286/4). Calculate the highest common factor of 2068 and b.
188
Let p(y) = 19*y - 97 - 46*y + 10 + 19*y. Let g be p(-16). Calculate the highest common divisor of 410 and g.
41
Suppose 2*a + v + 41 = 10, 4*a + 61 = -3*v. Let d = 29 + a. Suppose c = -2*n - 3*n + 452, 0 = 5*n - 4*c - 467. Calculate the greatest c